{"id":9,"date":"2026-02-28T17:27:53","date_gmt":"2026-02-28T17:27:53","guid":{"rendered":"https:\/\/prosaealma.com.br\/?page_id=9"},"modified":"2026-02-28T18:56:29","modified_gmt":"2026-02-28T18:56:29","slug":"prosaalma-01","status":"publish","type":"page","link":"https:\/\/prosaealma.com.br\/","title":{"rendered":"Prosa&#038;ALMA 01"},"content":{"rendered":"\t\t<div data-elementor-type=\"wp-page\" data-elementor-id=\"9\" class=\"elementor elementor-9\" data-elementor-post-type=\"page\">\n\t\t\t\t<div class=\"elementor-element elementor-element-d3790ed e-flex e-con-boxed e-con e-parent\" data-id=\"d3790ed\" data-element_type=\"container\" data-e-type=\"container\" data-settings=\"{&quot;background_background&quot;:&quot;classic&quot;}\">\n\t\t\t\t\t<div class=\"e-con-inner\">\n\t\t\t\t<div class=\"elementor-element elementor-element-1a78f20 elementor-widget elementor-widget-heading\" data-id=\"1a78f20\" data-element_type=\"widget\" data-e-type=\"widget\" data-widget_type=\"heading.default\">\n\t\t\t\t\t<h2 class=\"elementor-heading-title elementor-size-default\">Prosa &amp; ALMA<\/h2>\t\t\t\t<\/div>\n\t\t\t\t<div class=\"elementor-element elementor-element-b935c33 elementor-widget__width-initial elementor-widget elementor-widget-text-editor\" data-id=\"b935c33\" data-element_type=\"widget\" data-e-type=\"widget\" data-widget_type=\"text-editor.default\">\n\t\t\t\t\t\t\t\t\t<p>Uma comunidade feminina para mulheres que querem viver a espiritualidade com leveza, profundidade e sem o peso que o mundo colocou em cima disso<\/p>\t\t\t\t\t\t\t\t<\/div>\n\t\t\t\t<div class=\"elementor-element elementor-element-751389f elementor-align-left elementor-widget elementor-widget-button\" data-id=\"751389f\" data-element_type=\"widget\" data-e-type=\"widget\" data-widget_type=\"button.default\">\n\t\t\t\t\t\t\t\t\t\t<a class=\"elementor-button elementor-button-link elementor-size-sm\" href=\"#pricing\">\n\t\t\t\t\t\t<span class=\"elementor-button-content-wrapper\">\n\t\t\t\t\t\t\t\t\t<span class=\"elementor-button-text\">Quero fazer parte do Prosa &amp; Alma<\/span>\n\t\t\t\t\t<\/span>\n\t\t\t\t\t<\/a>\n\t\t\t\t\t\t\t\t<\/div>\n\t\t\t\t\t<\/div>\n\t\t\t\t<\/div>\n\t\t<div class=\"elementor-element elementor-element-8e60956 e-flex e-con-boxed e-con e-parent\" data-id=\"8e60956\" data-element_type=\"container\" data-e-type=\"container\" data-settings=\"{&quot;background_background&quot;:&quot;classic&quot;}\">\n\t\t\t\t\t<div class=\"e-con-inner\">\n\t\t\t\t<div class=\"elementor-element elementor-element-9293bc7 elementor-widget__width-initial elementor-widget elementor-widget-heading\" data-id=\"9293bc7\" data-element_type=\"widget\" data-e-type=\"widget\" data-widget_type=\"heading.default\">\n\t\t\t\t\t<h3 class=\"elementor-heading-title elementor-size-default\">Acontece que tentaram te encaixar em 2 grupos de mulheres<\/h3>\t\t\t\t<\/div>\n\t\t<div class=\"elementor-element elementor-element-d660009 e-con-full e-flex e-con e-child\" data-id=\"d660009\" data-element_type=\"container\" data-e-type=\"container\" data-settings=\"{&quot;background_background&quot;:&quot;classic&quot;}\">\n\t\t\t\t<div class=\"elementor-element elementor-element-708de32 elementor-widget__width-initial elementor-widget elementor-widget-text-editor\" data-id=\"708de32\" data-element_type=\"widget\" data-e-type=\"widget\" data-widget_type=\"text-editor.default\">\n\t\t\t\t\t\t\t\t\t<p>Aquelas que perderam seus princ\u00edpios e vivem em um mundo onde tudo pode e Deus deixou de ser o centro de suas vidas<\/p>\t\t\t\t\t\t\t\t<\/div>\n\t\t\t\t<\/div>\n\t\t\t\t<div class=\"elementor-element elementor-element-4385b03 elementor-widget__width-initial elementor-widget elementor-widget-heading\" data-id=\"4385b03\" data-element_type=\"widget\" data-e-type=\"widget\" data-widget_type=\"heading.default\">\n\t\t\t\t\t<h3 class=\"elementor-heading-title elementor-size-default\">Ou aquele grupo que:<\/h3>\t\t\t\t<\/div>\n\t\t<div class=\"elementor-element elementor-element-b1efa0d e-con-full e-flex e-con e-child\" data-id=\"b1efa0d\" data-element_type=\"container\" data-e-type=\"container\" data-settings=\"{&quot;background_background&quot;:&quot;classic&quot;}\">\n\t\t\t\t<div class=\"elementor-element elementor-element-6e25a67 elementor-widget__width-initial elementor-widget elementor-widget-text-editor\" data-id=\"6e25a67\" data-element_type=\"widget\" data-e-type=\"widget\" data-widget_type=\"text-editor.default\">\n\t\t\t\t\t\t\t\t\t<p>Transformou a espiritualidade em est\u00e9tica, defendem uma vida perfeita recheadas de regras irreais que acabam transformando a f\u00e9 em um fardo imposs\u00edvel de carregar<\/p>\t\t\t\t\t\t\t\t<\/div>\n\t\t\t\t<\/div>\n\t\t\t\t\t<\/div>\n\t\t\t\t<\/div>\n\t\t<div class=\"elementor-element elementor-element-ad72df7 e-flex e-con-boxed e-con e-parent\" data-id=\"ad72df7\" data-element_type=\"container\" data-e-type=\"container\">\n\t\t\t\t\t<div class=\"e-con-inner\">\n\t\t\t\t<div class=\"elementor-element elementor-element-f413005 elementor-widget__width-initial elementor-widget elementor-widget-text-editor\" data-id=\"f413005\" data-element_type=\"widget\" data-e-type=\"widget\" data-widget_type=\"text-editor.default\">\n\t\t\t\t\t\t\t\t\t<p>Mas, eu sei que voc\u00ea n\u00e3o se encaixa em nenhum desses grupos, voc\u00ea j\u00e1 se machucou com todas essas regras que mais te fizeram mal do que <span style=\"background-color: #a2846a; padding: 2px 8px; border-radius: 12px; color: #ffffff;\">te aproximaram de Deus<\/span><\/p>\t\t\t\t\t\t\t\t<\/div>\n\t\t\t\t\t<\/div>\n\t\t\t\t<\/div>\n\t\t<div class=\"elementor-element elementor-element-efc9703 e-flex e-con-boxed e-con e-parent\" data-id=\"efc9703\" data-element_type=\"container\" data-e-type=\"container\">\n\t\t\t\t\t<div class=\"e-con-inner\">\n\t\t<div class=\"elementor-element elementor-element-2e5d276 e-con-full e-flex e-con e-child\" data-id=\"2e5d276\" data-element_type=\"container\" data-e-type=\"container\" data-settings=\"{&quot;background_background&quot;:&quot;classic&quot;}\">\n\t\t\t\t<div class=\"elementor-element elementor-element-9abdcd6 elementor-widget__width-initial elementor-widget elementor-widget-image\" data-id=\"9abdcd6\" data-element_type=\"widget\" data-e-type=\"widget\" data-widget_type=\"image.default\">\n\t\t\t\t\t\t\t\t\t\t\t\t\t\t\t<img fetchpriority=\"high\" decoding=\"async\" width=\"2560\" height=\"1820\" src=\"https:\/\/prosaealma.com.br\/wp-content\/uploads\/2026\/02\/logo-de-OGQ26-1440-x-1024-mm-7-scaled.png\" class=\"attachment-full size-full wp-image-52\" alt=\"\" srcset=\"https:\/\/prosaealma.com.br\/wp-content\/uploads\/2026\/02\/logo-de-OGQ26-1440-x-1024-mm-7-scaled.png 2560w, https:\/\/prosaealma.com.br\/wp-content\/uploads\/2026\/02\/logo-de-OGQ26-1440-x-1024-mm-7-300x213.png 300w, https:\/\/prosaealma.com.br\/wp-content\/uploads\/2026\/02\/logo-de-OGQ26-1440-x-1024-mm-7-1024x728.png 1024w, https:\/\/prosaealma.com.br\/wp-content\/uploads\/2026\/02\/logo-de-OGQ26-1440-x-1024-mm-7-768x546.png 768w, https:\/\/prosaealma.com.br\/wp-content\/uploads\/2026\/02\/logo-de-OGQ26-1440-x-1024-mm-7-1536x1092.png 1536w, https:\/\/prosaealma.com.br\/wp-content\/uploads\/2026\/02\/logo-de-OGQ26-1440-x-1024-mm-7-2048x1456.png 2048w\" sizes=\"(max-width: 2560px) 100vw, 2560px\" \/>\t\t\t\t\t\t\t\t\t\t\t\t\t\t\t<\/div>\n\t\t\t\t<div class=\"elementor-element elementor-element-490bfe8 elementor-widget elementor-widget-heading\" data-id=\"490bfe8\" data-element_type=\"widget\" data-e-type=\"widget\" data-widget_type=\"heading.default\">\n\t\t\t\t\t<h2 class=\"elementor-heading-title elementor-size-default\">O Guia da <br>Quaresma 2026<\/h2>\t\t\t\t<\/div>\n\t\t\t\t<div class=\"elementor-element elementor-element-b5f5114 elementor-widget elementor-widget-text-editor\" data-id=\"b5f5114\" data-element_type=\"widget\" data-e-type=\"widget\" data-widget_type=\"text-editor.default\">\n\t\t\t\t\t\t\t\t\t<p class=\"font_8 wixui-rich-text__text\"><span class=\"wixui-rich-text__text\"><span class=\"color_37 wixui-rich-text__text\">\u2713 O Guia da Quaresma 2026;<\/span><\/span><\/p><p class=\"font_8 wixui-rich-text__text\"><span class=\"wixui-rich-text__text\"><span class=\"color_44 wixui-rich-text__text\">\u2717 Clube de leitura coletiva;<\/span><\/span><\/p><p class=\"font_8 wixui-rich-text__text\"><span class=\"wixui-rich-text__text\"><span class=\"color_44 wixui-rich-text__text\">\u2717\u00a0Acesso mais pr\u00f3ximo comigo;<\/span><\/span><\/p><p class=\"font_8 wixui-rich-text__text\"><span class=\"wixui-rich-text__text\"><span class=\"color_44 wixui-rich-text__text\">\u2717\u00a0Epis\u00f3dios em formato podcast;<\/span><\/span><\/p><p class=\"font_8 wixui-rich-text__text\"><span class=\"wixui-rich-text__text\"><span class=\"color_44 wixui-rich-text__text\">\u2717\u00a0Encontros ao vivo com as meninas;<\/span><\/span><\/p><p class=\"font_8 wixui-rich-text__text\"><span class=\"wixui-rich-text__text\"><span class=\"color_44 wixui-rich-text__text\">\u2717\u00a0Bate papo profundo e sem roteiro;<\/span><\/span><\/p><p class=\"font_8 wixui-rich-text__text\"><span class=\"wixui-rich-text__text\"><span class=\"color_44 wixui-rich-text__text\">\u2717 Acesso a um grupo exclusivo no Whatsapp;<\/span><\/span><\/p><p class=\"font_8 wixui-rich-text__text\"><span class=\"wixui-rich-text__text\"><span class=\"color_44 wixui-rich-text__text\">\u2717 Comunidade que compartilha dos mesmos valores<\/span><\/span><\/p>\t\t\t\t\t\t\t\t<\/div>\n\t\t\t\t<div class=\"elementor-element elementor-element-b738197 elementor-widget elementor-widget-text-editor\" data-id=\"b738197\" data-element_type=\"widget\" data-e-type=\"widget\" data-widget_type=\"text-editor.default\">\n\t\t\t\t\t\t\t\t\t<p><strong>POR: R$ 19,90<\/strong><\/p>\t\t\t\t\t\t\t\t<\/div>\n\t\t\t\t<div class=\"elementor-element elementor-element-9a7fd73 elementor-widget elementor-widget-button\" data-id=\"9a7fd73\" data-element_type=\"widget\" data-e-type=\"widget\" data-widget_type=\"button.default\">\n\t\t\t\t\t\t\t\t\t\t<a class=\"elementor-button elementor-button-link elementor-size-sm\" href=\"#\">\n\t\t\t\t\t\t<span class=\"elementor-button-content-wrapper\">\n\t\t\t\t\t\t\t\t\t<span class=\"elementor-button-text\">Quero apensar O Guia da Quaremas<\/span>\n\t\t\t\t\t<\/span>\n\t\t\t\t\t<\/a>\n\t\t\t\t\t\t\t\t<\/div>\n\t\t\t\t<\/div>\n\t\t<div class=\"elementor-element elementor-element-600cba3 e-con-full e-flex e-con e-child\" data-id=\"600cba3\" data-element_type=\"container\" data-e-type=\"container\" data-settings=\"{&quot;background_background&quot;:&quot;classic&quot;}\">\n\t\t\t\t<div class=\"elementor-element elementor-element-39354cb elementor-widget__width-initial elementor-widget elementor-widget-image\" data-id=\"39354cb\" data-element_type=\"widget\" data-e-type=\"widget\" data-widget_type=\"image.default\">\n\t\t\t\t\t\t\t\t\t\t\t\t\t\t\t<img decoding=\"async\" width=\"1080\" height=\"1080\" src=\"https:\/\/prosaealma.com.br\/wp-content\/uploads\/2026\/02\/Sem-titulo.png\" class=\"attachment-full size-full wp-image-76\" alt=\"\" srcset=\"https:\/\/prosaealma.com.br\/wp-content\/uploads\/2026\/02\/Sem-titulo.png 1080w, https:\/\/prosaealma.com.br\/wp-content\/uploads\/2026\/02\/Sem-titulo-300x300.png 300w, https:\/\/prosaealma.com.br\/wp-content\/uploads\/2026\/02\/Sem-titulo-1024x1024.png 1024w, https:\/\/prosaealma.com.br\/wp-content\/uploads\/2026\/02\/Sem-titulo-150x150.png 150w, https:\/\/prosaealma.com.br\/wp-content\/uploads\/2026\/02\/Sem-titulo-768x768.png 768w\" sizes=\"(max-width: 1080px) 100vw, 1080px\" \/>\t\t\t\t\t\t\t\t\t\t\t\t\t\t\t<\/div>\n\t\t\t\t<div class=\"elementor-element elementor-element-e0447e6 elementor-widget elementor-widget-heading\" data-id=\"e0447e6\" data-element_type=\"widget\" data-e-type=\"widget\" data-widget_type=\"heading.default\">\n\t\t\t\t\t<h2 class=\"elementor-heading-title elementor-size-default\">Comunidade <br> Prosa &amp; ALMA<\/h2>\t\t\t\t<\/div>\n\t\t\t\t<div class=\"elementor-element elementor-element-8f99455 elementor-widget elementor-widget-text-editor\" data-id=\"8f99455\" data-element_type=\"widget\" data-e-type=\"widget\" data-widget_type=\"text-editor.default\">\n\t\t\t\t\t\t\t\t\t<p class=\"font_8 wixui-rich-text__text\"><span class=\"wixui-rich-text__text\"><span class=\"color_37 wixui-rich-text__text\">\u2713 O Guia da Quaresma 2026;<\/span><\/span><\/p><p class=\"font_8 wixui-rich-text__text\"><span class=\"wixui-rich-text__text\"><span class=\"color_37 wixui-rich-text__text\">\u2713 Clube de leitura coletiva;<\/span><\/span><\/p><p class=\"font_8 wixui-rich-text__text\"><span class=\"wixui-rich-text__text\"><span class=\"color_37 wixui-rich-text__text\">\u2713 Acesso mais pr\u00f3ximo comigo;<\/span><\/span><\/p><p class=\"font_8 wixui-rich-text__text\"><span class=\"wixui-rich-text__text\"><span class=\"color_37 wixui-rich-text__text\">\u2713 Epis\u00f3dios em formato podcast;<\/span><\/span><\/p><p class=\"font_8 wixui-rich-text__text\"><span class=\"wixui-rich-text__text\"><span class=\"color_37 wixui-rich-text__text\">\u2713 Encontros ao vivo com as meninas;<\/span><\/span><\/p><p class=\"font_8 wixui-rich-text__text\"><span class=\"wixui-rich-text__text\"><span class=\"color_37 wixui-rich-text__text\">\u2713 Bate papo profundo e sem roteiro;<\/span><\/span><\/p><p class=\"font_8 wixui-rich-text__text\"><span class=\"wixui-rich-text__text\"><span class=\"color_37 wixui-rich-text__text\">\u2713 Acesso a um grupo exclusivo no Whatsapp;<\/span><\/span><\/p><p class=\"font_8 wixui-rich-text__text\"><span class=\"wixui-rich-text__text\"><span class=\"color_37 wixui-rich-text__text\">\u2713 Comunidade que compartilha dos mesmos valores.<\/span><\/span><\/p>\t\t\t\t\t\t\t\t<\/div>\n\t\t\t\t<div class=\"elementor-element elementor-element-d87e728 elementor-widget elementor-widget-text-editor\" data-id=\"d87e728\" data-element_type=\"widget\" data-e-type=\"widget\" data-widget_type=\"text-editor.default\">\n\t\t\t\t\t\t\t\t\t<p><del>DE: R$ 562,90<\/del><\/p>\t\t\t\t\t\t\t\t<\/div>\n\t\t\t\t<div class=\"elementor-element elementor-element-59396b9 elementor-widget elementor-widget-text-editor\" data-id=\"59396b9\" data-element_type=\"widget\" data-e-type=\"widget\" data-widget_type=\"text-editor.default\">\n\t\t\t\t\t\t\t\t\t<p><strong>POR: R$ 29,90\/m\u00eas<\/strong><\/p>\t\t\t\t\t\t\t\t<\/div>\n\t\t\t\t<div class=\"elementor-element elementor-element-d27273e elementor-align-center elementor-widget elementor-widget-button\" data-id=\"d27273e\" data-element_type=\"widget\" data-e-type=\"widget\" data-widget_type=\"button.default\">\n\t\t\t\t\t\t\t\t\t\t<a class=\"elementor-button elementor-button-link elementor-size-sm\" href=\"#\">\n\t\t\t\t\t\t<span class=\"elementor-button-content-wrapper\">\n\t\t\t\t\t\t\t\t\t<span class=\"elementor-button-text\">Quero fazer parte do Prosa &amp; Alma<\/span>\n\t\t\t\t\t<\/span>\n\t\t\t\t\t<\/a>\n\t\t\t\t\t\t\t\t<\/div>\n\t\t\t\t<\/div>\n\t\t\t\t<div class=\"elementor-element elementor-element-69bbe0f elementor-widget elementor-widget-menu-anchor\" data-id=\"69bbe0f\" data-element_type=\"widget\" data-e-type=\"widget\" data-widget_type=\"menu-anchor.default\">\n\t\t\t\t\t\t\t<div class=\"elementor-menu-anchor\" id=\"pricing\"><\/div>\n\t\t\t\t\t\t<\/div>\n\t\t\t\t\t<\/div>\n\t\t\t\t<\/div>\n\t\t<div class=\"elementor-element elementor-element-6816d33 e-flex e-con-boxed e-con e-parent\" data-id=\"6816d33\" data-element_type=\"container\" data-e-type=\"container\">\n\t\t\t\t\t<div class=\"e-con-inner\">\n\t\t\t\t\t<\/div>\n\t\t\t\t<\/div>\n\t\t\t\t<\/div>\n\t\t","protected":false},"excerpt":{"rendered":"<p>Prosa &amp; ALMA Uma comunidade feminina para mulheres que querem viver a espiritualidade com leveza, profundidade e sem o peso que o mundo colocou em cima disso Quero fazer parte do Prosa &amp; Alma Acontece que tentaram te encaixar em 2 grupos de mulheres Aquelas que perderam seus princ\u00edpios e vivem em um mundo onde [&hellip;]<\/p>\n","protected":false},"author":1,"featured_media":0,"parent":0,"menu_order":0,"comment_status":"closed","ping_status":"closed","template":"elementor_canvas","meta":{"footnotes":""},"class_list":["post-9","page","type-page","status-publish","hentry"],"_links":{"self":[{"href":"https:\/\/prosaealma.com.br\/index.php?rest_route=\/wp\/v2\/pages\/9","targetHints":{"allow":["GET"]}}],"collection":[{"href":"https:\/\/prosaealma.com.br\/index.php?rest_route=\/wp\/v2\/pages"}],"about":[{"href":"https:\/\/prosaealma.com.br\/index.php?rest_route=\/wp\/v2\/types\/page"}],"author":[{"embeddable":true,"href":"https:\/\/prosaealma.com.br\/index.php?rest_route=\/wp\/v2\/users\/1"}],"replies":[{"embeddable":true,"href":"https:\/\/prosaealma.com.br\/index.php?rest_route=%2Fwp%2Fv2%2Fcomments&post=9"}],"version-history":[{"count":82,"href":"https:\/\/prosaealma.com.br\/index.php?rest_route=\/wp\/v2\/pages\/9\/revisions"}],"predecessor-version":[{"id":100,"href":"https:\/\/prosaealma.com.br\/index.php?rest_route=\/wp\/v2\/pages\/9\/revisions\/100"}],"wp:attachment":[{"href":"https:\/\/prosaealma.com.br\/index.php?rest_route=%2Fwp%2Fv2%2Fmedia&parent=9"}],"curies":[{"name":"wp","href":"https:\/\/api.w.org\/{rel}","templated":true}]}}